{"id":104,"date":"2016-01-05T04:20:21","date_gmt":"2016-01-05T04:20:21","guid":{"rendered":"http:\/\/samuel.klemke.de\/?post_type=jetpack-portfolio&#038;p=104"},"modified":"2020-02-17T15:37:14","modified_gmt":"2020-02-17T15:37:14","slug":"pernambuco-sons-de-carrilhoes","status":"publish","type":"jetpack-portfolio","link":"http:\/\/samuel.klemke.de\/?portfolio=pernambuco-sons-de-carrilhoes","title":{"rendered":"Pernambuco: Sons de Carrilhoes"},"content":{"rendered":"<p>This Video was recorded in January 2011 in Ahmedabad \/ India:<\/p>\n<p><iframe loading=\"lazy\" src=\"https:\/\/www.youtube.com\/embed\/pnnttwAk2Tg\" width=\"560\" height=\"315\" frameborder=\"0\" allowfullscreen=\"allowfullscreen\"><\/iframe><\/p>\n<p><\/p>","protected":false},"excerpt":{"rendered":"<p>This Video was recorded in January 2011 in Ahmedabad \/ India:<\/p>\n","protected":false},"author":1,"featured_media":105,"comment_status":"open","ping_status":"closed","template":"","format":"standard","meta":{"jetpack_post_was_ever_published":false,"jetpack_publicize_message":"","jetpack_is_tweetstorm":false,"jetpack_publicize_feature_enabled":true,"jetpack_social_post_already_shared":true,"jetpack_social_options":{"image_generator_settings":{"template":"highway","enabled":false}}},"jetpack-portfolio-type":[9,26],"jetpack-portfolio-tag":[],"jetpack_publicize_connections":[],"jetpack_sharing_enabled":true,"jetpack-related-posts":[{"id":113,"url":"http:\/\/samuel.klemke.de\/?portfolio=guitar-duo-klemke-concert-exam","url_meta":{"origin":104,"position":0},"title":"Guitar Duo Klemke: Concert Exam","author":"Samuel","date":"Januar 5, 2020","format":false,"excerpt":"This is the trailer Video to our Live-DVD recorded during our final concert exam at the University of Music Franz Liszt Weimar, featuring music by Vivaldi, Castelnuovo-Tedesco, Scarlatti etc.","rel":"","context":"Mit 2 Kommentaren","block_context":{"text":"Mit 2 Kommentaren","link":"http:\/\/samuel.klemke.de\/?portfolio=guitar-duo-klemke-concert-exam#comments"},"img":{"alt_text":"","src":"https:\/\/i0.wp.com\/samuel.klemke.de\/wp-content\/uploads\/2016\/01\/concert-exam.jpg?fit=1200%2C675&resize=350%2C200","width":350,"height":200,"srcset":"https:\/\/i0.wp.com\/samuel.klemke.de\/wp-content\/uploads\/2016\/01\/concert-exam.jpg?fit=1200%2C675&resize=350%2C200 1x, https:\/\/i0.wp.com\/samuel.klemke.de\/wp-content\/uploads\/2016\/01\/concert-exam.jpg?fit=1200%2C675&resize=700%2C400 2x, https:\/\/i0.wp.com\/samuel.klemke.de\/wp-content\/uploads\/2016\/01\/concert-exam.jpg?fit=1200%2C675&resize=1050%2C600 3x"},"classes":[]},{"id":219,"url":"http:\/\/samuel.klemke.de\/?portfolio=cd-samuel-t-klemke-die-andere-saite","url_meta":{"origin":104,"position":1},"title":"CD: Samuel T. Klemke &#8211; Die andere Saite","author":"Samuel","date":"Februar 17, 2020","format":false,"excerpt":"This CD contains a lovely collection of guitar music recorded during my postgrad studies in Weimar. 1. Carlo Domeniconi (1941): Koyunbaba 2. Fernando Sor (1778-1839): Sicilienne & Marche op. 33 No. 3 3. Johann Sebastian Bach (1685-1750): Allemande BWV 996 4. Fernando Sor (1778-1839): Studio No. 6 op. 6 5.\u2026","rel":"","context":"\u00c4hnlicher Beitrag","block_context":{"text":"\u00c4hnlicher Beitrag","link":""},"img":{"alt_text":"","src":"https:\/\/i0.wp.com\/samuel.klemke.de\/wp-content\/uploads\/2020\/02\/CD_Cover_andere_Saiten_Samuel-Kopie_front.jpg?fit=1172%2C1200&resize=350%2C200","width":350,"height":200,"srcset":"https:\/\/i0.wp.com\/samuel.klemke.de\/wp-content\/uploads\/2020\/02\/CD_Cover_andere_Saiten_Samuel-Kopie_front.jpg?fit=1172%2C1200&resize=350%2C200 1x, https:\/\/i0.wp.com\/samuel.klemke.de\/wp-content\/uploads\/2020\/02\/CD_Cover_andere_Saiten_Samuel-Kopie_front.jpg?fit=1172%2C1200&resize=700%2C400 2x, https:\/\/i0.wp.com\/samuel.klemke.de\/wp-content\/uploads\/2020\/02\/CD_Cover_andere_Saiten_Samuel-Kopie_front.jpg?fit=1172%2C1200&resize=1050%2C600 3x"},"classes":[]},{"id":111,"url":"http:\/\/samuel.klemke.de\/?portfolio=james-bond-007-on-classical-guitar","url_meta":{"origin":104,"position":2},"title":"James Bond 007 &#8211; on classical guitar","author":"Samuel","date":"Januar 5, 2016","format":false,"excerpt":"The main title music to this film series inspired me to this fun video, full of little hints and jokes to discover. \u00a0","rel":"","context":"\u00c4hnlicher Beitrag","block_context":{"text":"\u00c4hnlicher Beitrag","link":""},"img":{"alt_text":"","src":"https:\/\/i0.wp.com\/samuel.klemke.de\/wp-content\/uploads\/2016\/01\/007.jpg?fit=1200%2C675&resize=350%2C200","width":350,"height":200,"srcset":"https:\/\/i0.wp.com\/samuel.klemke.de\/wp-content\/uploads\/2016\/01\/007.jpg?fit=1200%2C675&resize=350%2C200 1x, https:\/\/i0.wp.com\/samuel.klemke.de\/wp-content\/uploads\/2016\/01\/007.jpg?fit=1200%2C675&resize=700%2C400 2x, https:\/\/i0.wp.com\/samuel.klemke.de\/wp-content\/uploads\/2016\/01\/007.jpg?fit=1200%2C675&resize=1050%2C600 3x"},"classes":[]},{"id":217,"url":"http:\/\/samuel.klemke.de\/?portfolio=cd-guitar-duo-klemke-danza-espanola","url_meta":{"origin":104,"position":3},"title":"CD: Guitar Duo Klemke &#8211; Danza Espa\u00f1ola","author":"Samuel","date":"Februar 17, 2020","format":false,"excerpt":"The debut-CD by the Guitar Duo Klemke with Spanish music from different centuries: Manuel de Falla 1876-1946 Danza Espa\u00f1ola No. 1 (La Vie Br\u00e8ve) Isaac Alb\u00e9niz 1860-1909 - C\u00f3rdoba (Cantos de Espa\u00f1a Opus 232\/4) - Castilla (Suite Espa\u00f1ola No. 7) Francisco T\u00e1rrega 1852-1909 (Voc. 1) Julio Salvador Sagreras 1879-1942 (Voc.\u2026","rel":"","context":"\u00c4hnlicher Beitrag","block_context":{"text":"\u00c4hnlicher Beitrag","link":""},"img":{"alt_text":"","src":"https:\/\/i0.wp.com\/samuel.klemke.de\/wp-content\/uploads\/2020\/02\/2005-12-06_guitar_duo_klemke.jpg?fit=807%2C400&resize=350%2C200","width":350,"height":200,"srcset":"https:\/\/i0.wp.com\/samuel.klemke.de\/wp-content\/uploads\/2020\/02\/2005-12-06_guitar_duo_klemke.jpg?fit=807%2C400&resize=350%2C200 1x, https:\/\/i0.wp.com\/samuel.klemke.de\/wp-content\/uploads\/2020\/02\/2005-12-06_guitar_duo_klemke.jpg?fit=807%2C400&resize=700%2C400 2x"},"classes":[]},{"id":221,"url":"http:\/\/samuel.klemke.de\/?portfolio=cd-norie-mukai-samuel-t-klemke-pavane","url_meta":{"origin":104,"position":4},"title":"CD: Norie Mukai &#038; Samuel T. Klemke &#8211; Pavane","author":"Samuel","date":"Februar 17, 2020","format":false,"excerpt":"CD-Project with Japanese flutist Norie Mukai: Claude Debussy: La fille aux cheveux de lin Maurice Ravel: Pavane pour une infante defunte Gabriel Faure: Sicilienne Manuel M. Ponce: Estrellita Franz Schubert: St\u00e4ndchen Maurice Ravel: Piece en forme de Habanera Gabriel Faure: Pavane G. F. H\u00e4ndel: Aria \"Lascia ch'io pianga\" Gottfried H.\u2026","rel":"","context":"\u00c4hnlicher Beitrag","block_context":{"text":"\u00c4hnlicher Beitrag","link":""},"img":{"alt_text":"","src":"https:\/\/i0.wp.com\/samuel.klemke.de\/wp-content\/uploads\/2020\/02\/CD_Norie.jpg?fit=1200%2C594&resize=350%2C200","width":350,"height":200,"srcset":"https:\/\/i0.wp.com\/samuel.klemke.de\/wp-content\/uploads\/2020\/02\/CD_Norie.jpg?fit=1200%2C594&resize=350%2C200 1x, https:\/\/i0.wp.com\/samuel.klemke.de\/wp-content\/uploads\/2020\/02\/CD_Norie.jpg?fit=1200%2C594&resize=700%2C400 2x, https:\/\/i0.wp.com\/samuel.klemke.de\/wp-content\/uploads\/2020\/02\/CD_Norie.jpg?fit=1200%2C594&resize=1050%2C600 3x"},"classes":[]},{"id":69,"url":"http:\/\/samuel.klemke.de\/?portfolio=meine-filme","url_meta":{"origin":104,"position":5},"title":"voz y guitarra","author":"Samuel","date":"Januar 3, 2016","format":false,"excerpt":"In 2008 Samuel startet performing with the Spanish soprano Natasha Lopez. Their repertoire comprises mainly Spanish and Latin-American music, but also pieces by Schubert, Bach-Gounod and others.","rel":"","context":"\u00c4hnlicher Beitrag","block_context":{"text":"\u00c4hnlicher Beitrag","link":""},"img":{"alt_text":"","src":"","width":0,"height":0},"classes":[]}],"jetpack_likes_enabled":true,"_links":{"self":[{"href":"http:\/\/samuel.klemke.de\/index.php?rest_route=\/wp\/v2\/jetpack-portfolio\/104"}],"collection":[{"href":"http:\/\/samuel.klemke.de\/index.php?rest_route=\/wp\/v2\/jetpack-portfolio"}],"about":[{"href":"http:\/\/samuel.klemke.de\/index.php?rest_route=\/wp\/v2\/types\/jetpack-portfolio"}],"author":[{"embeddable":true,"href":"http:\/\/samuel.klemke.de\/index.php?rest_route=\/wp\/v2\/users\/1"}],"replies":[{"embeddable":true,"href":"http:\/\/samuel.klemke.de\/index.php?rest_route=%2Fwp%2Fv2%2Fcomments&post=104"}],"version-history":[{"count":0,"href":"http:\/\/samuel.klemke.de\/index.php?rest_route=\/wp\/v2\/jetpack-portfolio\/104\/revisions"}],"wp:featuredmedia":[{"embeddable":true,"href":"http:\/\/samuel.klemke.de\/index.php?rest_route=\/wp\/v2\/media\/105"}],"wp:attachment":[{"href":"http:\/\/samuel.klemke.de\/index.php?rest_route=%2Fwp%2Fv2%2Fmedia&parent=104"}],"wp:term":[{"taxonomy":"jetpack-portfolio-type","embeddable":true,"href":"http:\/\/samuel.klemke.de\/index.php?rest_route=%2Fwp%2Fv2%2Fjetpack-portfolio-type&post=104"},{"taxonomy":"jetpack-portfolio-tag","embeddable":true,"href":"http:\/\/samuel.klemke.de\/index.php?rest_route=%2Fwp%2Fv2%2Fjetpack-portfolio-tag&post=104"}],"curies":[{"name":"wp","href":"https:\/\/api.w.org\/{rel}","templated":true}]}}

Ähnlicher Beitrag

CD: Guitar Duo Klemke &#8211; Danza Española

The debut-CD by the Guitar Duo Klemke with Spanish music from different centuries: Manuel de Falla 1876-1946 Danza Española No. 1 (La Vie Brève) Isaac Albéniz 1860-1909 - Córdoba (Cantos de España Opus 232/4) - Castilla (Suite Española No. 7) Francisco Tárrega 1852-1909 (Voc. 1) Julio Salvador Sagreras 1879-1942 (Voc.…

CD-Project with Japanese flutist Norie Mukai: Claude Debussy: La fille aux cheveux de lin Maurice Ravel: Pavane pour une infante defunte Gabriel Faure: Sicilienne Manuel M. Ponce: Estrellita Franz Schubert: Ständchen Maurice Ravel: Piece en forme de Habanera Gabriel Faure: Pavane G. F. Händel: Aria "Lascia ch'io pianga" Gottfried H.…
