{"id":214,"date":"2020-02-17T16:49:13","date_gmt":"2020-02-17T16:49:13","guid":{"rendered":"http:\/\/samuel.klemke.de\/?post_type=jetpack-portfolio&#038;p=214"},"modified":"2020-02-17T16:50:08","modified_gmt":"2020-02-17T16:50:08","slug":"cd-bach-sor-henze","status":"publish","type":"jetpack-portfolio","link":"http:\/\/samuel.klemke.de\/?portfolio=cd-bach-sor-henze","title":{"rendered":"CD: Bach &#8211; Sor &#8211; Henze"},"content":{"rendered":"<p>In 2003 after passing my degree concert at the Hochschule f\u00fcr Musik Franz Liszt Weimar I decided to record this programme onto CD:<\/p>\n<p>J. S. Bach: Suite BWV 997<\/p>\n<p>F. Sor: Fantasia op. 7<\/p>\n<p>H. W. Henze: Royal Winter Music I<\/p>\n<p>&nbsp;<\/p>\n<p>the CD can be directly ordered from me.<\/p>\n<p><\/p>","protected":false},"excerpt":{"rendered":"<p>In 2003 after passing my degree concert at the Hochschule f\u00fcr Musik Franz Liszt Weimar I decided to record this programme onto CD: J. S. Bach: Suite BWV 997 F. Sor: Fantasia op. 7 H. W. Henze: Royal Winter Music I &nbsp; the CD can be directly ordered from me.<\/p>\n","protected":false},"author":1,"featured_media":215,"comment_status":"closed","ping_status":"closed","template":"","format":"standard","meta":{"jetpack_post_was_ever_published":false,"jetpack_publicize_message":"","jetpack_is_tweetstorm":false,"jetpack_publicize_feature_enabled":true,"jetpack_social_post_already_shared":true,"jetpack_social_options":{"image_generator_settings":{"template":"highway","enabled":false}}},"jetpack-portfolio-type":[27,26],"jetpack-portfolio-tag":[],"jetpack_publicize_connections":[],"jetpack_sharing_enabled":true,"jetpack-related-posts":[{"id":219,"url":"http:\/\/samuel.klemke.de\/?portfolio=cd-samuel-t-klemke-die-andere-saite","url_meta":{"origin":214,"position":0},"title":"CD: Samuel T. Klemke &#8211; Die andere Saite","author":"Samuel","date":"Februar 17, 2020","format":false,"excerpt":"This CD contains a lovely collection of guitar music recorded during my postgrad studies in Weimar. 1. Carlo Domeniconi (1941): Koyunbaba 2. Fernando Sor (1778-1839): Sicilienne & Marche op. 33 No. 3 3. Johann Sebastian Bach (1685-1750): Allemande BWV 996 4. Fernando Sor (1778-1839): Studio No. 6 op. 6 5.\u2026","rel":"","context":"\u00c4hnlicher Beitrag","block_context":{"text":"\u00c4hnlicher Beitrag","link":""},"img":{"alt_text":"","src":"https:\/\/i0.wp.com\/samuel.klemke.de\/wp-content\/uploads\/2020\/02\/CD_Cover_andere_Saiten_Samuel-Kopie_front.jpg?fit=1172%2C1200&resize=350%2C200","width":350,"height":200,"srcset":"https:\/\/i0.wp.com\/samuel.klemke.de\/wp-content\/uploads\/2020\/02\/CD_Cover_andere_Saiten_Samuel-Kopie_front.jpg?fit=1172%2C1200&resize=350%2C200 1x, https:\/\/i0.wp.com\/samuel.klemke.de\/wp-content\/uploads\/2020\/02\/CD_Cover_andere_Saiten_Samuel-Kopie_front.jpg?fit=1172%2C1200&resize=700%2C400 2x, https:\/\/i0.wp.com\/samuel.klemke.de\/wp-content\/uploads\/2020\/02\/CD_Cover_andere_Saiten_Samuel-Kopie_front.jpg?fit=1172%2C1200&resize=1050%2C600 3x"},"classes":[]},{"id":217,"url":"http:\/\/samuel.klemke.de\/?portfolio=cd-guitar-duo-klemke-danza-espanola","url_meta":{"origin":214,"position":1},"title":"CD: Guitar Duo Klemke &#8211; Danza Espa\u00f1ola","author":"Samuel","date":"Februar 17, 2020","format":false,"excerpt":"The debut-CD by the Guitar Duo Klemke with Spanish music from different centuries: Manuel de Falla 1876-1946 Danza Espa\u00f1ola No. 1 (La Vie Br\u00e8ve) Isaac Alb\u00e9niz 1860-1909 - C\u00f3rdoba (Cantos de Espa\u00f1a Opus 232\/4) - Castilla (Suite Espa\u00f1ola No. 7) Francisco T\u00e1rrega 1852-1909 (Voc. 1) Julio Salvador Sagreras 1879-1942 (Voc.\u2026","rel":"","context":"\u00c4hnlicher Beitrag","block_context":{"text":"\u00c4hnlicher Beitrag","link":""},"img":{"alt_text":"","src":"https:\/\/i0.wp.com\/samuel.klemke.de\/wp-content\/uploads\/2020\/02\/2005-12-06_guitar_duo_klemke.jpg?fit=807%2C400&resize=350%2C200","width":350,"height":200,"srcset":"https:\/\/i0.wp.com\/samuel.klemke.de\/wp-content\/uploads\/2020\/02\/2005-12-06_guitar_duo_klemke.jpg?fit=807%2C400&resize=350%2C200 1x, https:\/\/i0.wp.com\/samuel.klemke.de\/wp-content\/uploads\/2020\/02\/2005-12-06_guitar_duo_klemke.jpg?fit=807%2C400&resize=700%2C400 2x"},"classes":[]},{"id":221,"url":"http:\/\/samuel.klemke.de\/?portfolio=cd-norie-mukai-samuel-t-klemke-pavane","url_meta":{"origin":214,"position":2},"title":"CD: Norie Mukai &#038; Samuel T. Klemke &#8211; Pavane","author":"Samuel","date":"Februar 17, 2020","format":false,"excerpt":"CD-Project with Japanese flutist Norie Mukai: Claude Debussy: La fille aux cheveux de lin Maurice Ravel: Pavane pour une infante defunte Gabriel Faure: Sicilienne Manuel M. Ponce: Estrellita Franz Schubert: St\u00e4ndchen Maurice Ravel: Piece en forme de Habanera Gabriel Faure: Pavane G. F. H\u00e4ndel: Aria \"Lascia ch'io pianga\" Gottfried H.\u2026","rel":"","context":"\u00c4hnlicher Beitrag","block_context":{"text":"\u00c4hnlicher Beitrag","link":""},"img":{"alt_text":"","src":"https:\/\/i0.wp.com\/samuel.klemke.de\/wp-content\/uploads\/2020\/02\/CD_Norie.jpg?fit=1200%2C594&resize=350%2C200","width":350,"height":200,"srcset":"https:\/\/i0.wp.com\/samuel.klemke.de\/wp-content\/uploads\/2020\/02\/CD_Norie.jpg?fit=1200%2C594&resize=350%2C200 1x, https:\/\/i0.wp.com\/samuel.klemke.de\/wp-content\/uploads\/2020\/02\/CD_Norie.jpg?fit=1200%2C594&resize=700%2C400 2x, https:\/\/i0.wp.com\/samuel.klemke.de\/wp-content\/uploads\/2020\/02\/CD_Norie.jpg?fit=1200%2C594&resize=1050%2C600 3x"},"classes":[]},{"id":69,"url":"http:\/\/samuel.klemke.de\/?portfolio=meine-filme","url_meta":{"origin":214,"position":3},"title":"voz y guitarra","author":"Samuel","date":"Januar 3, 2016","format":false,"excerpt":"In 2008 Samuel startet performing with the Spanish soprano Natasha Lopez. Their repertoire comprises mainly Spanish and Latin-American music, but also pieces by Schubert, Bach-Gounod and others.","rel":"","context":"\u00c4hnlicher Beitrag","block_context":{"text":"\u00c4hnlicher Beitrag","link":""},"img":{"alt_text":"","src":"","width":0,"height":0},"classes":[]}],"jetpack_likes_enabled":true,"_links":{"self":[{"href":"http:\/\/samuel.klemke.de\/index.php?rest_route=\/wp\/v2\/jetpack-portfolio\/214"}],"collection":[{"href":"http:\/\/samuel.klemke.de\/index.php?rest_route=\/wp\/v2\/jetpack-portfolio"}],"about":[{"href":"http:\/\/samuel.klemke.de\/index.php?rest_route=\/wp\/v2\/types\/jetpack-portfolio"}],"author":[{"embeddable":true,"href":"http:\/\/samuel.klemke.de\/index.php?rest_route=\/wp\/v2\/users\/1"}],"replies":[{"embeddable":true,"href":"http:\/\/samuel.klemke.de\/index.php?rest_route=%2Fwp%2Fv2%2Fcomments&post=214"}],"version-history":[{"count":1,"href":"http:\/\/samuel.klemke.de\/index.php?rest_route=\/wp\/v2\/jetpack-portfolio\/214\/revisions"}],"predecessor-version":[{"id":216,"href":"http:\/\/samuel.klemke.de\/index.php?rest_route=\/wp\/v2\/jetpack-portfolio\/214\/revisions\/216"}],"wp:featuredmedia":[{"embeddable":true,"href":"http:\/\/samuel.klemke.de\/index.php?rest_route=\/wp\/v2\/media\/215"}],"wp:attachment":[{"href":"http:\/\/samuel.klemke.de\/index.php?rest_route=%2Fwp%2Fv2%2Fmedia&parent=214"}],"wp:term":[{"taxonomy":"jetpack-portfolio-type","embeddable":true,"href":"http:\/\/samuel.klemke.de\/index.php?rest_route=%2Fwp%2Fv2%2Fjetpack-portfolio-type&post=214"},{"taxonomy":"jetpack-portfolio-tag","embeddable":true,"href":"http:\/\/samuel.klemke.de\/index.php?rest_route=%2Fwp%2Fv2%2Fjetpack-portfolio-tag&post=214"}],"curies":[{"name":"wp","href":"https:\/\/api.w.org\/{rel}","templated":true}]}}

<p>In 2003 after passing my degree concert at the Hochschule für Musik Franz Liszt Weimar I decided to record this programme onto CD:</p>
<p>J. S. Bach: Suite BWV 997</p>
<p>F. Sor: Fantasia op. 7</p>
<p>H. W. Henze: Royal Winter Music I</p>
<p>&nbsp;</p>
<p>the CD can be directly ordered from me.</p>
<p></p>

<p>In 2003 after passing my degree concert at the Hochschule für Musik Franz Liszt Weimar I decided to record this programme onto CD: J. S. Bach: Suite BWV 997 F. Sor: Fantasia op. 7 H. W. Henze: Royal Winter Music I &nbsp; the CD can be directly ordered from me.</p>

Ähnlicher Beitrag

CD: Guitar Duo Klemke &#8211; Danza Española

The debut-CD by the Guitar Duo Klemke with Spanish music from different centuries: Manuel de Falla 1876-1946 Danza Española No. 1 (La Vie Brève) Isaac Albéniz 1860-1909 - Córdoba (Cantos de España Opus 232/4) - Castilla (Suite Española No. 7) Francisco Tárrega 1852-1909 (Voc. 1) Julio Salvador Sagreras 1879-1942 (Voc.…

CD-Project with Japanese flutist Norie Mukai: Claude Debussy: La fille aux cheveux de lin Maurice Ravel: Pavane pour une infante defunte Gabriel Faure: Sicilienne Manuel M. Ponce: Estrellita Franz Schubert: Ständchen Maurice Ravel: Piece en forme de Habanera Gabriel Faure: Pavane G. F. Händel: Aria "Lascia ch'io pianga" Gottfried H.…
