{"id":217,"date":"2020-02-17T16:57:33","date_gmt":"2020-02-17T16:57:33","guid":{"rendered":"http:\/\/samuel.klemke.de\/?post_type=jetpack-portfolio&#038;p=217"},"modified":"2020-02-17T16:57:54","modified_gmt":"2020-02-17T16:57:54","slug":"cd-guitar-duo-klemke-danza-espanola","status":"publish","type":"jetpack-portfolio","link":"http:\/\/samuel.klemke.de\/?portfolio=cd-guitar-duo-klemke-danza-espanola","title":{"rendered":"CD: Guitar Duo Klemke &#8211; Danza Espa\u00f1ola"},"content":{"rendered":"<p>The debut-CD by the Guitar Duo Klemke with Spanish music from different centuries:<\/p>\n<p>Manuel de Falla 1876-1946<br \/>\nDanza Espa\u00f1ola No. 1 (La Vie Br\u00e8ve)<\/p>\n<p>Isaac Alb\u00e9niz 1860-1909<br \/>\n&#8211; C\u00f3rdoba (Cantos de Espa\u00f1a Opus 232\/4)<br \/>\n&#8211; Castilla (Suite Espa\u00f1ola No. 7)<\/p>\n<p>Francisco T\u00e1rrega 1852-1909 (Voc. 1)<br \/>\nJulio Salvador Sagreras 1879-1942 (Voc. 2)<br \/>\n&#8211; Recuerdos de la Alhambra<\/p>\n<p>Fernando Sor 1778-1839<br \/>\n&#8211; Fantasia (Opus 54)<\/p>\n<p>Enrique Granados 1867-1916<br \/>\n&#8211; Intermedio (de la Opera Goyescas)<br \/>\n&#8211; Rondalla (Danzas espa\u00f1olas Opus 37\/6)<\/p>\n<p>Luigi Boccherini 1743-1805<br \/>\n&#8211; Introduction &amp; Fandango (G. 448\/3)<\/p>\n<p>Ruperto Chapi y Lorente 1851-1909<br \/>\n&#8211; Serenata Morisca<\/p>\n<p>Joaquin Rodrigo 1902-1999<br \/>\n&#8211; Tonadilla<br \/>\nAllegro ma non troppo<br \/>\nMinueto Pomposo<br \/>\nAllegro vivace<\/p>\n<p>Emilio Pujol 1886-1980<br \/>\n&#8211; Manola de Avapi\u00e9s<br \/>\n&#8211; Et\u00fcde No. 39<\/p>\n<p>&nbsp;<\/p>\n<p>The CD can be ordered from me directly<\/p>\n<p><\/p>","protected":false},"excerpt":{"rendered":"<p>The debut-CD by the Guitar Duo Klemke with Spanish music from different centuries: Manuel de Falla 1876-1946 Danza Espa\u00f1ola No. 1 (La Vie Br\u00e8ve) Isaac Alb\u00e9niz 1860-1909 &#8211; C\u00f3rdoba (Cantos de Espa\u00f1a Opus 232\/4) &#8211; Castilla (Suite Espa\u00f1ola No. 7) Francisco T\u00e1rrega 1852-1909 (Voc. 1) Julio Salvador Sagreras 1879-1942 (Voc. 2) &#8211; Recuerdos de la [&hellip;]<\/p>\n","protected":false},"author":1,"featured_media":218,"comment_status":"closed","ping_status":"closed","template":"","format":"standard","meta":{"jetpack_post_was_ever_published":false,"jetpack_publicize_message":"","jetpack_is_tweetstorm":false,"jetpack_publicize_feature_enabled":true,"jetpack_social_post_already_shared":true,"jetpack_social_options":{"image_generator_settings":{"template":"highway","enabled":false}}},"jetpack-portfolio-type":[27,26],"jetpack-portfolio-tag":[],"jetpack_publicize_connections":[],"jetpack_sharing_enabled":true,"jetpack-related-posts":[{"id":219,"url":"http:\/\/samuel.klemke.de\/?portfolio=cd-samuel-t-klemke-die-andere-saite","url_meta":{"origin":217,"position":0},"title":"CD: Samuel T. Klemke &#8211; Die andere Saite","author":"Samuel","date":"Februar 17, 2020","format":false,"excerpt":"This CD contains a lovely collection of guitar music recorded during my postgrad studies in Weimar. 1. Carlo Domeniconi (1941): Koyunbaba 2. Fernando Sor (1778-1839): Sicilienne & Marche op. 33 No. 3 3. Johann Sebastian Bach (1685-1750): Allemande BWV 996 4. Fernando Sor (1778-1839): Studio No. 6 op. 6 5.\u2026","rel":"","context":"\u00c4hnlicher Beitrag","block_context":{"text":"\u00c4hnlicher Beitrag","link":""},"img":{"alt_text":"","src":"https:\/\/i0.wp.com\/samuel.klemke.de\/wp-content\/uploads\/2020\/02\/CD_Cover_andere_Saiten_Samuel-Kopie_front.jpg?fit=1172%2C1200&resize=350%2C200","width":350,"height":200,"srcset":"https:\/\/i0.wp.com\/samuel.klemke.de\/wp-content\/uploads\/2020\/02\/CD_Cover_andere_Saiten_Samuel-Kopie_front.jpg?fit=1172%2C1200&resize=350%2C200 1x, https:\/\/i0.wp.com\/samuel.klemke.de\/wp-content\/uploads\/2020\/02\/CD_Cover_andere_Saiten_Samuel-Kopie_front.jpg?fit=1172%2C1200&resize=700%2C400 2x, https:\/\/i0.wp.com\/samuel.klemke.de\/wp-content\/uploads\/2020\/02\/CD_Cover_andere_Saiten_Samuel-Kopie_front.jpg?fit=1172%2C1200&resize=1050%2C600 3x"},"classes":[]},{"id":113,"url":"http:\/\/samuel.klemke.de\/?portfolio=guitar-duo-klemke-concert-exam","url_meta":{"origin":217,"position":1},"title":"Guitar Duo Klemke: Concert Exam","author":"Samuel","date":"Januar 5, 2020","format":false,"excerpt":"This is the trailer Video to our Live-DVD recorded during our final concert exam at the University of Music Franz Liszt Weimar, featuring music by Vivaldi, Castelnuovo-Tedesco, Scarlatti etc.","rel":"","context":"Mit 2 Kommentaren","block_context":{"text":"Mit 2 Kommentaren","link":"http:\/\/samuel.klemke.de\/?portfolio=guitar-duo-klemke-concert-exam#comments"},"img":{"alt_text":"","src":"https:\/\/i0.wp.com\/samuel.klemke.de\/wp-content\/uploads\/2016\/01\/concert-exam.jpg?fit=1200%2C675&resize=350%2C200","width":350,"height":200,"srcset":"https:\/\/i0.wp.com\/samuel.klemke.de\/wp-content\/uploads\/2016\/01\/concert-exam.jpg?fit=1200%2C675&resize=350%2C200 1x, https:\/\/i0.wp.com\/samuel.klemke.de\/wp-content\/uploads\/2016\/01\/concert-exam.jpg?fit=1200%2C675&resize=700%2C400 2x, https:\/\/i0.wp.com\/samuel.klemke.de\/wp-content\/uploads\/2016\/01\/concert-exam.jpg?fit=1200%2C675&resize=1050%2C600 3x"},"classes":[]},{"id":95,"url":"http:\/\/samuel.klemke.de\/?portfolio=guitar-duo-klemke","url_meta":{"origin":217,"position":2},"title":"Guitar Duo Klemke","author":"Samuel","date":"Januar 5, 2016","format":false,"excerpt":"Since his childhood Samuel is performing with his sister Laura. While playing music, they understand each other without the need of visual contact and thus create lively performances out of the moment. Both of them graduated from the University of Music Franz Liszt in Weimar with the Concert Exam in\u2026","rel":"","context":"\u00c4hnlicher Beitrag","block_context":{"text":"\u00c4hnlicher Beitrag","link":""},"img":{"alt_text":"","src":"https:\/\/i0.wp.com\/samuel.klemke.de\/wp-content\/uploads\/2016\/01\/Duo.png?fit=312%2C225&resize=350%2C200","width":350,"height":200},"classes":[]},{"id":221,"url":"http:\/\/samuel.klemke.de\/?portfolio=cd-norie-mukai-samuel-t-klemke-pavane","url_meta":{"origin":217,"position":3},"title":"CD: Norie Mukai &#038; Samuel T. Klemke &#8211; Pavane","author":"Samuel","date":"Februar 17, 2020","format":false,"excerpt":"CD-Project with Japanese flutist Norie Mukai: Claude Debussy: La fille aux cheveux de lin Maurice Ravel: Pavane pour une infante defunte Gabriel Faure: Sicilienne Manuel M. Ponce: Estrellita Franz Schubert: St\u00e4ndchen Maurice Ravel: Piece en forme de Habanera Gabriel Faure: Pavane G. F. H\u00e4ndel: Aria \"Lascia ch'io pianga\" Gottfried H.\u2026","rel":"","context":"\u00c4hnlicher Beitrag","block_context":{"text":"\u00c4hnlicher Beitrag","link":""},"img":{"alt_text":"","src":"https:\/\/i0.wp.com\/samuel.klemke.de\/wp-content\/uploads\/2020\/02\/CD_Norie.jpg?fit=1200%2C594&resize=350%2C200","width":350,"height":200,"srcset":"https:\/\/i0.wp.com\/samuel.klemke.de\/wp-content\/uploads\/2020\/02\/CD_Norie.jpg?fit=1200%2C594&resize=350%2C200 1x, https:\/\/i0.wp.com\/samuel.klemke.de\/wp-content\/uploads\/2020\/02\/CD_Norie.jpg?fit=1200%2C594&resize=700%2C400 2x, https:\/\/i0.wp.com\/samuel.klemke.de\/wp-content\/uploads\/2020\/02\/CD_Norie.jpg?fit=1200%2C594&resize=1050%2C600 3x"},"classes":[]},{"id":111,"url":"http:\/\/samuel.klemke.de\/?portfolio=james-bond-007-on-classical-guitar","url_meta":{"origin":217,"position":4},"title":"James Bond 007 &#8211; on classical guitar","author":"Samuel","date":"Januar 5, 2016","format":false,"excerpt":"The main title music to this film series inspired me to this fun video, full of little hints and jokes to discover. \u00a0","rel":"","context":"\u00c4hnlicher Beitrag","block_context":{"text":"\u00c4hnlicher Beitrag","link":""},"img":{"alt_text":"","src":"https:\/\/i0.wp.com\/samuel.klemke.de\/wp-content\/uploads\/2016\/01\/007.jpg?fit=1200%2C675&resize=350%2C200","width":350,"height":200,"srcset":"https:\/\/i0.wp.com\/samuel.klemke.de\/wp-content\/uploads\/2016\/01\/007.jpg?fit=1200%2C675&resize=350%2C200 1x, https:\/\/i0.wp.com\/samuel.klemke.de\/wp-content\/uploads\/2016\/01\/007.jpg?fit=1200%2C675&resize=700%2C400 2x, https:\/\/i0.wp.com\/samuel.klemke.de\/wp-content\/uploads\/2016\/01\/007.jpg?fit=1200%2C675&resize=1050%2C600 3x"},"classes":[]},{"id":324,"url":"http:\/\/samuel.klemke.de\/?portfolio=kalyani-samuiel","url_meta":{"origin":217,"position":5},"title":"Kalyani &#038; Samuiel","author":"Samuel","date":"April 28, 2025","format":false,"excerpt":"Kirtan meets classical guitar. Kalyani ist ausgebildet in klassisch indischem Gesang. Ihre Stimme verzaubert das Publikum mit fern\u00f6stlichen Melodien genauso wie mit europ\u00e4ischen Liedern. Sie spielt dazu Harmonium und Samuel begleitet auf der klassischen Gitarre.","rel":"","context":"\u00c4hnlicher Beitrag","block_context":{"text":"\u00c4hnlicher Beitrag","link":""},"img":{"alt_text":"","src":"https:\/\/i0.wp.com\/samuel.klemke.de\/wp-content\/uploads\/2025\/04\/Duo_Kalyani_Samuel_IMG_1911-scaled.jpg?fit=1200%2C908&resize=350%2C200","width":350,"height":200,"srcset":"https:\/\/i0.wp.com\/samuel.klemke.de\/wp-content\/uploads\/2025\/04\/Duo_Kalyani_Samuel_IMG_1911-scaled.jpg?fit=1200%2C908&resize=350%2C200 1x, https:\/\/i0.wp.com\/samuel.klemke.de\/wp-content\/uploads\/2025\/04\/Duo_Kalyani_Samuel_IMG_1911-scaled.jpg?fit=1200%2C908&resize=700%2C400 2x, https:\/\/i0.wp.com\/samuel.klemke.de\/wp-content\/uploads\/2025\/04\/Duo_Kalyani_Samuel_IMG_1911-scaled.jpg?fit=1200%2C908&resize=1050%2C600 3x"},"classes":[]}],"jetpack_likes_enabled":true,"_links":{"self":[{"href":"http:\/\/samuel.klemke.de\/index.php?rest_route=\/wp\/v2\/jetpack-portfolio\/217"}],"collection":[{"href":"http:\/\/samuel.klemke.de\/index.php?rest_route=\/wp\/v2\/jetpack-portfolio"}],"about":[{"href":"http:\/\/samuel.klemke.de\/index.php?rest_route=\/wp\/v2\/types\/jetpack-portfolio"}],"author":[{"embeddable":true,"href":"http:\/\/samuel.klemke.de\/index.php?rest_route=\/wp\/v2\/users\/1"}],"replies":[{"embeddable":true,"href":"http:\/\/samuel.klemke.de\/index.php?rest_route=%2Fwp%2Fv2%2Fcomments&post=217"}],"version-history":[{"count":0,"href":"http:\/\/samuel.klemke.de\/index.php?rest_route=\/wp\/v2\/jetpack-portfolio\/217\/revisions"}],"wp:featuredmedia":[{"embeddable":true,"href":"http:\/\/samuel.klemke.de\/index.php?rest_route=\/wp\/v2\/media\/218"}],"wp:attachment":[{"href":"http:\/\/samuel.klemke.de\/index.php?rest_route=%2Fwp%2Fv2%2Fmedia&parent=217"}],"wp:term":[{"taxonomy":"jetpack-portfolio-type","embeddable":true,"href":"http:\/\/samuel.klemke.de\/index.php?rest_route=%2Fwp%2Fv2%2Fjetpack-portfolio-type&post=217"},{"taxonomy":"jetpack-portfolio-tag","embeddable":true,"href":"http:\/\/samuel.klemke.de\/index.php?rest_route=%2Fwp%2Fv2%2Fjetpack-portfolio-tag&post=217"}],"curies":[{"name":"wp","href":"https:\/\/api.w.org\/{rel}","templated":true}]}}

CD: Guitar Duo Klemke &#8211; Danza Española

<p>The debut-CD by the Guitar Duo Klemke with Spanish music from different centuries:</p>
<p>Manuel de Falla 1876-1946<br />
Danza Española No. 1 (La Vie Brève)</p>
<p>Isaac Albéniz 1860-1909<br />
&#8211; Córdoba (Cantos de España Opus 232/4)<br />
&#8211; Castilla (Suite Española No. 7)</p>
<p>Francisco Tárrega 1852-1909 (Voc. 1)<br />
Julio Salvador Sagreras 1879-1942 (Voc. 2)<br />
&#8211; Recuerdos de la Alhambra</p>
<p>Fernando Sor 1778-1839<br />
&#8211; Fantasia (Opus 54)</p>
<p>Enrique Granados 1867-1916<br />
&#8211; Intermedio (de la Opera Goyescas)<br />
&#8211; Rondalla (Danzas españolas Opus 37/6)</p>
<p>Luigi Boccherini 1743-1805<br />
&#8211; Introduction &amp; Fandango (G. 448/3)</p>
<p>Ruperto Chapi y Lorente 1851-1909<br />
&#8211; Serenata Morisca</p>
<p>Joaquin Rodrigo 1902-1999<br />
&#8211; Tonadilla<br />
Allegro ma non troppo<br />
Minueto Pomposo<br />
Allegro vivace</p>
<p>Emilio Pujol 1886-1980<br />
&#8211; Manola de Avapiés<br />
&#8211; Etüde No. 39</p>
<p>&nbsp;</p>
<p>The CD can be ordered from me directly</p>
<p></p>

<p>The debut-CD by the Guitar Duo Klemke with Spanish music from different centuries: Manuel de Falla 1876-1946 Danza Española No. 1 (La Vie Brève) Isaac Albéniz 1860-1909 &#8211; Córdoba (Cantos de España Opus 232/4) &#8211; Castilla (Suite Española No. 7) Francisco Tárrega 1852-1909 (Voc. 1) Julio Salvador Sagreras 1879-1942 (Voc. 2) &#8211; Recuerdos de la [&hellip;]</p>

Ähnlicher Beitrag

CD-Project with Japanese flutist Norie Mukai: Claude Debussy: La fille aux cheveux de lin Maurice Ravel: Pavane pour une infante defunte Gabriel Faure: Sicilienne Manuel M. Ponce: Estrellita Franz Schubert: Ständchen Maurice Ravel: Piece en forme de Habanera Gabriel Faure: Pavane G. F. Händel: Aria "Lascia ch'io pianga" Gottfried H.…

Kirtan meets classical guitar. Kalyani ist ausgebildet in klassisch indischem Gesang. Ihre Stimme verzaubert das Publikum mit fernöstlichen Melodien genauso wie mit europäischen Liedern. Sie spielt dazu Harmonium und Samuel begleitet auf der klassischen Gitarre.
