{"id":221,"date":"2020-02-17T17:16:11","date_gmt":"2020-02-17T17:16:11","guid":{"rendered":"http:\/\/samuel.klemke.de\/?post_type=jetpack-portfolio&#038;p=221"},"modified":"2020-02-17T17:16:11","modified_gmt":"2020-02-17T17:16:11","slug":"cd-norie-mukai-samuel-t-klemke-pavane","status":"publish","type":"jetpack-portfolio","link":"http:\/\/samuel.klemke.de\/?portfolio=cd-norie-mukai-samuel-t-klemke-pavane","title":{"rendered":"CD: Norie Mukai &#038; Samuel T. Klemke &#8211; Pavane"},"content":{"rendered":"<p>CD-Project with Japanese flutist Norie Mukai:<\/p>\n<ul>\n<li>Claude Debussy: La fille aux cheveux de lin<\/li>\n<li>Maurice Ravel: Pavane pour une infante defunte<\/li>\n<li>Gabriel Faure: Sicilienne<\/li>\n<li>Manuel M. Ponce: Estrellita<\/li>\n<li>Franz Schubert: St\u00e4ndchen<\/li>\n<li>Maurice Ravel: Piece en forme de Habanera<\/li>\n<li>Gabriel Faure: Pavane<\/li>\n<li>G. F. H\u00e4ndel: Aria &#8222;Lascia ch&#8217;io pianga&#8220;<\/li>\n<li>Gottfried H. St\u00f6lzel: Aria &#8222;Bist du bei mir&#8220;<\/li>\n<li>Maximo D. Pujol: Palermo (from Suite Buenos Aires)<\/li>\n<li>Gabriel Faure: Apres un reve<\/li>\n<li>J. S. Bach: Menuett (Orchestral Suite 2, BWV 1067)<\/li>\n<li>J. s. Bach: Badinerie (Orchestral Suite 2, BWV 1067)<\/li>\n<li>Edvard Grieg: Solveig&#8217;s Song (Peer Gynt Suite No. 2, Op. 55)<\/li>\n<li>Nicolo Paganini: Cantabile Op. 17, M.S. 109<\/li>\n<li>Astor Piazzolla Cafe 1930<\/li>\n<\/ul>\n<p>The CD can be ordered from me directly.<\/p>\n<p><\/p>","protected":false},"excerpt":{"rendered":"<p>CD-Project with Japanese flutist Norie Mukai: Claude Debussy: La fille aux cheveux de lin Maurice Ravel: Pavane pour une infante defunte Gabriel Faure: Sicilienne Manuel M. Ponce: Estrellita Franz Schubert: St\u00e4ndchen Maurice Ravel: Piece en forme de Habanera Gabriel Faure: Pavane G. F. H\u00e4ndel: Aria &#8222;Lascia ch&#8217;io pianga&#8220; Gottfried H. St\u00f6lzel: Aria &#8222;Bist du bei [&hellip;]<\/p>\n","protected":false},"author":1,"featured_media":222,"comment_status":"closed","ping_status":"closed","template":"","format":"standard","meta":{"jetpack_post_was_ever_published":false,"jetpack_publicize_message":"","jetpack_is_tweetstorm":false,"jetpack_publicize_feature_enabled":true,"jetpack_social_post_already_shared":true,"jetpack_social_options":{"image_generator_settings":{"template":"highway","enabled":false}}},"jetpack-portfolio-type":[27,26],"jetpack-portfolio-tag":[],"jetpack_publicize_connections":[],"jetpack_sharing_enabled":true,"jetpack-related-posts":[{"id":214,"url":"http:\/\/samuel.klemke.de\/?portfolio=cd-bach-sor-henze","url_meta":{"origin":221,"position":0},"title":"CD: Bach &#8211; Sor &#8211; Henze","author":"Samuel","date":"Februar 17, 2020","format":false,"excerpt":"In 2003 after passing my degree concert at the Hochschule f\u00fcr Musik Franz Liszt Weimar I decided to record this programme onto CD: J. S. Bach: Suite BWV 997 F. Sor: Fantasia op. 7 H. W. Henze: Royal Winter Music I \u00a0 the CD can be directly ordered from me.","rel":"","context":"\u00c4hnlicher Beitrag","block_context":{"text":"\u00c4hnlicher Beitrag","link":""},"img":{"alt_text":"","src":"https:\/\/i0.wp.com\/samuel.klemke.de\/wp-content\/uploads\/2020\/02\/2006-05-08_samuel_klemke.jpg?fit=807%2C400&resize=350%2C200","width":350,"height":200,"srcset":"https:\/\/i0.wp.com\/samuel.klemke.de\/wp-content\/uploads\/2020\/02\/2006-05-08_samuel_klemke.jpg?fit=807%2C400&resize=350%2C200 1x, https:\/\/i0.wp.com\/samuel.klemke.de\/wp-content\/uploads\/2020\/02\/2006-05-08_samuel_klemke.jpg?fit=807%2C400&resize=700%2C400 2x"},"classes":[]},{"id":219,"url":"http:\/\/samuel.klemke.de\/?portfolio=cd-samuel-t-klemke-die-andere-saite","url_meta":{"origin":221,"position":1},"title":"CD: Samuel T. Klemke &#8211; Die andere Saite","author":"Samuel","date":"Februar 17, 2020","format":false,"excerpt":"This CD contains a lovely collection of guitar music recorded during my postgrad studies in Weimar. 1. Carlo Domeniconi (1941): Koyunbaba 2. Fernando Sor (1778-1839): Sicilienne & Marche op. 33 No. 3 3. Johann Sebastian Bach (1685-1750): Allemande BWV 996 4. Fernando Sor (1778-1839): Studio No. 6 op. 6 5.\u2026","rel":"","context":"\u00c4hnlicher Beitrag","block_context":{"text":"\u00c4hnlicher Beitrag","link":""},"img":{"alt_text":"","src":"https:\/\/i0.wp.com\/samuel.klemke.de\/wp-content\/uploads\/2020\/02\/CD_Cover_andere_Saiten_Samuel-Kopie_front.jpg?fit=1172%2C1200&resize=350%2C200","width":350,"height":200,"srcset":"https:\/\/i0.wp.com\/samuel.klemke.de\/wp-content\/uploads\/2020\/02\/CD_Cover_andere_Saiten_Samuel-Kopie_front.jpg?fit=1172%2C1200&resize=350%2C200 1x, https:\/\/i0.wp.com\/samuel.klemke.de\/wp-content\/uploads\/2020\/02\/CD_Cover_andere_Saiten_Samuel-Kopie_front.jpg?fit=1172%2C1200&resize=700%2C400 2x, https:\/\/i0.wp.com\/samuel.klemke.de\/wp-content\/uploads\/2020\/02\/CD_Cover_andere_Saiten_Samuel-Kopie_front.jpg?fit=1172%2C1200&resize=1050%2C600 3x"},"classes":[]},{"id":217,"url":"http:\/\/samuel.klemke.de\/?portfolio=cd-guitar-duo-klemke-danza-espanola","url_meta":{"origin":221,"position":2},"title":"CD: Guitar Duo Klemke &#8211; Danza Espa\u00f1ola","author":"Samuel","date":"Februar 17, 2020","format":false,"excerpt":"The debut-CD by the Guitar Duo Klemke with Spanish music from different centuries: Manuel de Falla 1876-1946 Danza Espa\u00f1ola No. 1 (La Vie Br\u00e8ve) Isaac Alb\u00e9niz 1860-1909 - C\u00f3rdoba (Cantos de Espa\u00f1a Opus 232\/4) - Castilla (Suite Espa\u00f1ola No. 7) Francisco T\u00e1rrega 1852-1909 (Voc. 1) Julio Salvador Sagreras 1879-1942 (Voc.\u2026","rel":"","context":"\u00c4hnlicher Beitrag","block_context":{"text":"\u00c4hnlicher Beitrag","link":""},"img":{"alt_text":"","src":"https:\/\/i0.wp.com\/samuel.klemke.de\/wp-content\/uploads\/2020\/02\/2005-12-06_guitar_duo_klemke.jpg?fit=807%2C400&resize=350%2C200","width":350,"height":200,"srcset":"https:\/\/i0.wp.com\/samuel.klemke.de\/wp-content\/uploads\/2020\/02\/2005-12-06_guitar_duo_klemke.jpg?fit=807%2C400&resize=350%2C200 1x, https:\/\/i0.wp.com\/samuel.klemke.de\/wp-content\/uploads\/2020\/02\/2005-12-06_guitar_duo_klemke.jpg?fit=807%2C400&resize=700%2C400 2x"},"classes":[]}],"jetpack_likes_enabled":true,"_links":{"self":[{"href":"http:\/\/samuel.klemke.de\/index.php?rest_route=\/wp\/v2\/jetpack-portfolio\/221"}],"collection":[{"href":"http:\/\/samuel.klemke.de\/index.php?rest_route=\/wp\/v2\/jetpack-portfolio"}],"about":[{"href":"http:\/\/samuel.klemke.de\/index.php?rest_route=\/wp\/v2\/types\/jetpack-portfolio"}],"author":[{"embeddable":true,"href":"http:\/\/samuel.klemke.de\/index.php?rest_route=\/wp\/v2\/users\/1"}],"replies":[{"embeddable":true,"href":"http:\/\/samuel.klemke.de\/index.php?rest_route=%2Fwp%2Fv2%2Fcomments&post=221"}],"version-history":[{"count":0,"href":"http:\/\/samuel.klemke.de\/index.php?rest_route=\/wp\/v2\/jetpack-portfolio\/221\/revisions"}],"wp:featuredmedia":[{"embeddable":true,"href":"http:\/\/samuel.klemke.de\/index.php?rest_route=\/wp\/v2\/media\/222"}],"wp:attachment":[{"href":"http:\/\/samuel.klemke.de\/index.php?rest_route=%2Fwp%2Fv2%2Fmedia&parent=221"}],"wp:term":[{"taxonomy":"jetpack-portfolio-type","embeddable":true,"href":"http:\/\/samuel.klemke.de\/index.php?rest_route=%2Fwp%2Fv2%2Fjetpack-portfolio-type&post=221"},{"taxonomy":"jetpack-portfolio-tag","embeddable":true,"href":"http:\/\/samuel.klemke.de\/index.php?rest_route=%2Fwp%2Fv2%2Fjetpack-portfolio-tag&post=221"}],"curies":[{"name":"wp","href":"https:\/\/api.w.org\/{rel}","templated":true}]}}

<p>CD-Project with Japanese flutist Norie Mukai:</p>
<ul>
<li>Claude Debussy: La fille aux cheveux de lin</li>
<li>Maurice Ravel: Pavane pour une infante defunte</li>
<li>Gabriel Faure: Sicilienne</li>
<li>Manuel M. Ponce: Estrellita</li>
<li>Franz Schubert: Ständchen</li>
<li>Maurice Ravel: Piece en forme de Habanera</li>
<li>Gabriel Faure: Pavane</li>
<li>G. F. Händel: Aria &#8222;Lascia ch&#8217;io pianga&#8220;</li>
<li>Gottfried H. Stölzel: Aria &#8222;Bist du bei mir&#8220;</li>
<li>Maximo D. Pujol: Palermo (from Suite Buenos Aires)</li>
<li>Gabriel Faure: Apres un reve</li>
<li>J. S. Bach: Menuett (Orchestral Suite 2, BWV 1067)</li>
<li>J. s. Bach: Badinerie (Orchestral Suite 2, BWV 1067)</li>
<li>Edvard Grieg: Solveig&#8217;s Song (Peer Gynt Suite No. 2, Op. 55)</li>
<li>Nicolo Paganini: Cantabile Op. 17, M.S. 109</li>
<li>Astor Piazzolla Cafe 1930</li>
</ul>
<p>The CD can be ordered from me directly.</p>
<p></p>

<p>CD-Project with Japanese flutist Norie Mukai: Claude Debussy: La fille aux cheveux de lin Maurice Ravel: Pavane pour une infante defunte Gabriel Faure: Sicilienne Manuel M. Ponce: Estrellita Franz Schubert: Ständchen Maurice Ravel: Piece en forme de Habanera Gabriel Faure: Pavane G. F. Händel: Aria &#8222;Lascia ch&#8217;io pianga&#8220; Gottfried H. Stölzel: Aria &#8222;Bist du bei [&hellip;]</p>

In 2003 after passing my degree concert at the Hochschule für Musik Franz Liszt Weimar I decided to record this programme onto CD: J. S. Bach: Suite BWV 997 F. Sor: Fantasia op. 7 H. W. Henze: Royal Winter Music I   the CD can be directly ordered from me.

Ähnlicher Beitrag

CD: Guitar Duo Klemke &#8211; Danza Española

The debut-CD by the Guitar Duo Klemke with Spanish music from different centuries: Manuel de Falla 1876-1946 Danza Española No. 1 (La Vie Brève) Isaac Albéniz 1860-1909 - Córdoba (Cantos de España Opus 232/4) - Castilla (Suite Española No. 7) Francisco Tárrega 1852-1909 (Voc. 1) Julio Salvador Sagreras 1879-1942 (Voc.…
