{"id":131,"date":"2016-02-19T01:41:35","date_gmt":"2016-02-19T01:41:35","guid":{"rendered":"http:\/\/samuel.klemke.de\/?page_id=131"},"modified":"2025-04-28T19:22:45","modified_gmt":"2025-04-28T19:22:45","slug":"lessons-and-masterclasses","status":"publish","type":"page","link":"http:\/\/samuel.klemke.de\/?page_id=131","title":{"rendered":"Lessons and Masterclasses"},"content":{"rendered":"<p>Dear guitarists and musicians<\/p>\n<p>I am happy to offer you private lessons from now on at your or mine place, if I am near you, or via skype \/ video \/ e-mail. I will fully cater to your needs, if you want to discuss a piece, technical issues or musical philosophy, questions about studying music, about Germany and other places and how to prepare your career in music. I also offer chambermusic lessons.<\/p>\n<p>single (master-) class: 75$ \u20ac<\/p>\n<p>package of 10 classes: 550 $ \u20ac<\/p>\n<p>package of 20 classes: 1000 $ \u20ac<\/p>\n<p>packages need to be used within one year.<\/p>\n<p>Classes are 60 Minutes.<\/p>\n<p>If you just need a short advice: 20$ \u20ac for 15 Minutes, 35$ \u20ac for 30 Minutes.<\/p>\n<p>Simply get in touch with me and we can talk about it.<\/p>\n<p>If you are from a country with weaker economy you might apply for a partly scholarship.<\/p>\n<p>Please contact me on my e-mail: samuel (at) klemke.de<\/p>\n<p><\/p>","protected":false},"excerpt":{"rendered":"<p>Dear guitarists and musicians I am happy to offer you private lessons from now on at your or mine place, if I am near you, or via skype \/ video \/ e-mail. I will fully cater to your needs, if you want to discuss a piece, technical issues or musical philosophy, questions about studying music, [&hellip;]<\/p>\n","protected":false},"author":1,"featured_media":0,"parent":0,"menu_order":0,"comment_status":"closed","ping_status":"closed","template":"","meta":{"jetpack_post_was_ever_published":false,"footnotes":""},"jetpack_sharing_enabled":true,"jetpack_shortlink":"https:\/\/wp.me\/P75tXj-27","jetpack-related-posts":[{"id":40,"url":"http:\/\/samuel.klemke.de\/?page_id=40","url_meta":{"origin":131,"position":0},"title":"Curriculum Vitae","author":"Samuel","date":"Januar 2, 2016","format":false,"excerpt":"Samuel T. Klemke was born in 1978 into a family with musical roots back to his great-grandfather, who already performed music. His grandmother and great-aunt were professional musicians, as are his uncle and his father. Thus he got his first guitar lessons from his father Tobias at the age of\u2026","rel":"","context":"\u00c4hnlicher Beitrag","block_context":{"text":"\u00c4hnlicher Beitrag","link":""},"img":{"alt_text":"","src":"","width":0,"height":0},"classes":[]},{"id":2,"url":"http:\/\/samuel.klemke.de\/?page_id=2","url_meta":{"origin":131,"position":1},"title":"Info","author":"Samuel","date":"Dezember 9, 2015","format":false,"excerpt":"Experience peerlessly expressive and soulful guitar music in technical perfection and brilliant clarity. The young musician could enthuse the audience and critics with his detailed playing in countless concerts. Samuel arranges the programmes for his concerts from his very comprehensie repertoire, that comprises master pieces from the time of the\u2026","rel":"","context":"\u00c4hnlicher Beitrag","block_context":{"text":"\u00c4hnlicher Beitrag","link":""},"img":{"alt_text":"","src":"","width":0,"height":0},"classes":[]},{"id":226,"url":"http:\/\/samuel.klemke.de\/","url_meta":{"origin":131,"position":2},"title":"aktuelle Konzerte und Infos","author":"Samuel","date":"Mai 19, 2021","format":false,"excerpt":"Konzert & Workshop: Kirtanimmersion in Kassauam 06.09.2025 Konzertam 07.09.2025 Workshop Anmeldung f\u00fcr dem Workshop bitte per e-mail an mona.kalyani (at) gmail.com oder Telefon\/Telegramm\/Whatsapp+49 176 76988064 Infos: www.kalyani-art.de Konzert: Saitenwege- von Herzen und Horizontenam 29.08.2025 in Kassau\/Altenkrempe Festivalkonzert in Schlitz: Mind on Fire am 23.08.2025 Kirtankonzert in Wiesbaden\/Mainz Konzert in Kassau\u2026","rel":"","context":"\u00c4hnlicher Beitrag","block_context":{"text":"\u00c4hnlicher Beitrag","link":""},"img":{"alt_text":"","src":"https:\/\/i0.wp.com\/samuel.klemke.de\/wp-content\/uploads\/2025\/08\/Flyer_Kirtan_2025_09_Kassau_montage_Anmeldung-scaled.jpg?resize=350%2C200","width":350,"height":200,"srcset":"https:\/\/i0.wp.com\/samuel.klemke.de\/wp-content\/uploads\/2025\/08\/Flyer_Kirtan_2025_09_Kassau_montage_Anmeldung-scaled.jpg?resize=350%2C200 1x, https:\/\/i0.wp.com\/samuel.klemke.de\/wp-content\/uploads\/2025\/08\/Flyer_Kirtan_2025_09_Kassau_montage_Anmeldung-scaled.jpg?resize=700%2C400 2x, https:\/\/i0.wp.com\/samuel.klemke.de\/wp-content\/uploads\/2025\/08\/Flyer_Kirtan_2025_09_Kassau_montage_Anmeldung-scaled.jpg?resize=1050%2C600 3x, https:\/\/i0.wp.com\/samuel.klemke.de\/wp-content\/uploads\/2025\/08\/Flyer_Kirtan_2025_09_Kassau_montage_Anmeldung-scaled.jpg?resize=1400%2C800 4x"},"classes":[]},{"id":48,"url":"http:\/\/samuel.klemke.de\/?page_id=48","url_meta":{"origin":131,"position":3},"title":"Repertoire","author":"Samuel","date":"Januar 2, 2016","format":false,"excerpt":"Repertoire Huge repertoire from Renaissance to 21st century works by - J. S. Bach - J. Dowland - L. Milan - F. Sor - M. Giuliani - G. Regondi - F. Tarrega - I. Albeniz - D. Scarlatti - A. Jose - A. Barrios Mangore - H. Villa-Lobos - J.K.\u2026","rel":"","context":"\u00c4hnlicher Beitrag","block_context":{"text":"\u00c4hnlicher Beitrag","link":""},"img":{"alt_text":"","src":"","width":0,"height":0},"classes":[]},{"id":179,"url":"http:\/\/samuel.klemke.de\/?page_id=179","url_meta":{"origin":131,"position":4},"title":"Impressum","author":"Samuel","date":"Mai 24, 2018","format":false,"excerpt":"Angaben gem\u00e4\u00df \u00a7 5 Telemediengesetz (TMG) und Verantwortlicher f\u00fcr den Inhalt gem\u00e4\u00df \u00a7 55 Abs. 2 RStV: Dipl. mus. Samuel Klemke Amalienstr. 15 99423 Weimar Deutschland Kontakt: Tel.: +49 (0)173 \/ 3849457 E-Mail: samuel@klemke.de Umsatzsteuer-Identifikationsnummer: Umsatzsteuerbefreiung gem\u00e4\u00df \u00a7 19 UStG Ausschlu\u00df der Haftung: 1. Haftung f\u00fcr Inhalte S\u00e4mtliche Inhalte unserer\u2026","rel":"","context":"\u00c4hnlicher Beitrag","block_context":{"text":"\u00c4hnlicher Beitrag","link":""},"img":{"alt_text":"","src":"","width":0,"height":0},"classes":[]},{"id":15,"url":"http:\/\/samuel.klemke.de\/?page_id=15","url_meta":{"origin":131,"position":5},"title":"Concert &#8211; Dates","author":"Samuel","date":"Januar 2, 2016","format":false,"excerpt":"2026 18.12.2026 White Christmas Show 06.12.2026 Gotha Th\u00fcringen Philharmonie 28.11.2026 N\u00fcrnberg 27.11.2026 Bayreuth 26.11.2025 Erlangen 25.11.2025 W\u00fcrzburg 24.11.2026 Ingolstadt 23.11.2026 Regensburg 21.11.2026 Bremen 20.11.2026 Hannover 19.11.2026 Paderborn 18.11.2026 Minden 14.11.2026 Erfurt 13.11.2026 Magdeburg 12.11.2026 L\u00fcneburg 15.10.2026 Workshop online 10.10.2026 Hamburg Workshop 09.10.2026 Hamburg Workshop 3.-6.09.2026 Kirtan Mela bei Marburg- 29.08.2026\u2026","rel":"","context":"\u00c4hnlicher Beitrag","block_context":{"text":"\u00c4hnlicher Beitrag","link":""},"img":{"alt_text":"","src":"","width":0,"height":0},"classes":[]}],"jetpack_likes_enabled":true,"_links":{"self":[{"href":"http:\/\/samuel.klemke.de\/index.php?rest_route=\/wp\/v2\/pages\/131"}],"collection":[{"href":"http:\/\/samuel.klemke.de\/index.php?rest_route=\/wp\/v2\/pages"}],"about":[{"href":"http:\/\/samuel.klemke.de\/index.php?rest_route=\/wp\/v2\/types\/page"}],"author":[{"embeddable":true,"href":"http:\/\/samuel.klemke.de\/index.php?rest_route=\/wp\/v2\/users\/1"}],"replies":[{"embeddable":true,"href":"http:\/\/samuel.klemke.de\/index.php?rest_route=%2Fwp%2Fv2%2Fcomments&post=131"}],"version-history":[{"count":5,"href":"http:\/\/samuel.klemke.de\/index.php?rest_route=\/wp\/v2\/pages\/131\/revisions"}],"predecessor-version":[{"id":328,"href":"http:\/\/samuel.klemke.de\/index.php?rest_route=\/wp\/v2\/pages\/131\/revisions\/328"}],"wp:attachment":[{"href":"http:\/\/samuel.klemke.de\/index.php?rest_route=%2Fwp%2Fv2%2Fmedia&parent=131"}],"curies":[{"name":"wp","href":"https:\/\/api.w.org\/{rel}","templated":true}]}}