{"id":179,"date":"2018-05-24T20:43:29","date_gmt":"2018-05-24T20:43:29","guid":{"rendered":"http:\/\/samuel.klemke.de\/?page_id=179"},"modified":"2018-05-24T20:43:29","modified_gmt":"2018-05-24T20:43:29","slug":"impressum","status":"publish","type":"page","link":"http:\/\/samuel.klemke.de\/?page_id=179","title":{"rendered":"Impressum"},"content":{"rendered":"<p><strong>Angaben gem\u00e4\u00df \u00a7 5 Telemediengesetz (TMG) und Verantwortlicher f\u00fcr den Inhalt gem\u00e4\u00df \u00a7 55 Abs. 2 RStV:<\/strong><\/p>\n<p>Dipl. mus. Samuel Klemke<br \/>\nAmalienstr. 15<br \/>\n99423 Weimar<br \/>\nDeutschland<\/p>\n<p><strong>Kontakt:<\/strong><\/p>\n<p>Tel.: +49 (0)173 \/ 3849457<br \/>\nE-Mail: samuel@klemke.de<\/p>\n<p><strong>Umsatzsteuer-Identifikationsnummer:<\/strong><\/p>\n<p>Umsatzsteuerbefreiung gem\u00e4\u00df \u00a7 19 UStG<\/p>\n<p><strong>Ausschlu\u00df der Haftung:<\/strong><\/p>\n<div>\n<p class=\"small\"><strong>1. Haftung f\u00fcr Inhalte<\/strong><br \/>\nS\u00e4mtliche Inhalte unserer Internetseiten sind mit gr\u00f6\u00dftm\u00f6glicher Sorgfalt erstellt worden. Dennoch ist es uns nicht m\u00f6glich, eine Gew\u00e4hr daf\u00fcr zu \u00fcbernehmen, da\u00df diese Inhalte richtig, vollst\u00e4ndig und aktuell sind. Wir sind gem\u00e4\u00df \u00a7 7 Abs. 1 TMG f\u00fcr die eigenen Inhalte auf unseren Internetseiten verantwortlich. Gem\u00e4\u00df den \u00a7\u00a7 8, 9 und 10 TMG besteht f\u00fcr uns allerdings keine Verpflichtung, da\u00df wir Informationen von Dritten, die \u00fcbermittelt oder gespeichert wurden, \u00fcberwachen oder Umst\u00e4nde ausforschen m\u00fc\u00dften, die Hinweise auf nicht rechtm\u00e4\u00dfige T\u00e4tigkeiten ergeben. Davon nicht ber\u00fchrt, ist unsere Verpflichtung zur Sperrung oder Entfernung von Informationen, welche uns von den allgemeinen Gesetzen auferlegt wird. Wir haften allerdings insoweit erst in dem Moment, in dem wir von einer konkreten Verletzung von Rechten Kenntnis erlangen. Wenn wir von einer solchen Verletzung von Rechten Kenntnis erlangen, wird eine unverz\u00fcgliche Entfernung der entsprechenden Inhalte erfolgen.<\/p>\n<p class=\"small\"><strong>2. Haftung f\u00fcr Links<\/strong><br \/>\nUnsere Internetseiten enthalten Links, die zu externen Internetseiten von Dritten f\u00fchren. Auf die Inhalte dieser externen Seiten haben wir keine Einflu\u00dfm\u00f6glichkeiten. Es ist uns daher nicht m\u00f6glich, eine Gew\u00e4hr f\u00fcr diese Inhalte zu \u00fcbernehmen. Die Verantwortung daf\u00fcr hat immer der jeweilige Anbieter\/Betreiber der entsprechenden Internetseiten. Wir \u00fcberpr\u00fcfen die von uns verlinkten Internetseiten zum Zeitpunkt der Verlinkung auf einen m\u00f6glichen Rechtsversto\u00df. Die Verlinkung kommt nur dann zustande, wenn ein rechtswidriger Inhalt zu diesem Zeitpunkt nicht erkennbar ist. Es kann uns jedoch, ohne einen konkreten Anhaltspunkt, nicht zugemutet werden, st\u00e4ndig die verlinkten Internetseiten inhaltlich zu kontrollieren. Wenn wir jedoch von einer Rechtsverletzung Kenntnis erlangen, werden wir den entsprechenden Link unverz\u00fcglich entfernen.<\/p>\n<p class=\"small\"><strong>3. Urheberrecht<\/strong><br \/>\nDie auf unseren Internetseiten enthaltenen Werke und Inhalte unterstehen dem Urheberrecht. Ohne schriftliche Genehmigung des jeweiligen Erstellers oder Autors d\u00fcrfen die Werke bzw. Inhalte nicht vervielf\u00e4ltigt, bearbeitet, verbreitet und verwertet werden. Das Herunterladen und Kopieren unserer Internetseite ist f\u00fcr den privaten Gebrauch erlaubt, nicht jedoch f\u00fcr den kommerziellen. Wir weisen darauf hin, da\u00df hinsichtlich der Inhalte auf unserer Internetseite, soweit sie nicht von uns erstellt worden sind, das Urheberrecht von Dritten beachtet wurde. Inhalte von Dritten erhalten als solche eine Kennzeichnung von uns. Wir w\u00e4ren Ihnen dankbar, wenn Sie uns einen Hinweis erteilen w\u00fcrden, falls Sie trotzdem auf eine Urheberrechtsverletzung gesto\u00dfen sind. Wenn wir von einer solchen Urheberrechtsverletzung Kenntnis erlangen, werden wir den entsprechenden Inhalt unverz\u00fcglich entfernen.<\/p>\n<p class=\"small\"><strong>4. Datenschutz<\/strong><br \/>\nUnsere Internetseite kann regelm\u00e4\u00dfig ohne die Angabe von personenbezogenen Daten genutzt werden. Falls solche Daten (z.B. Name, Adresse oder E-Mail) doch erhoben werden sollten, geschieht das, weitestgehend m\u00f6glich, freiwillig. Eine Weitergabe dieser Daten darf nur dann erfolgen, wenn Sie ausdr\u00fccklich zustimmen. Die \u00fcbertragung von Daten im Internet kann Sicherheitsl\u00fccken beinhalten. Es ist daher m\u00f6glich, da\u00df Dritte Zugriff auf diese Daten erlangen. Ein l\u00fcckenloser Schutz ist nicht m\u00f6glich. Wir widersprechen an dieser Stelle der Nutzung unserer Kontaktdaten, die wir im Impressum ver\u00f6ffentlicht haben, durch Dritte, die uns damit nicht verlangte Werbung\/Informationsmaterial\/Spam-Mails zukommen lassen oder zukommen lassen wollen. Sollte dies doch geschehen, behalten wir uns rechtliche Schritte dagegen vor.<\/p>\n<\/div>\n<p class=\"small\">Muster-Impressum von der Flegl Rechtsanw\u00e4lte GmbH<\/p>\n<p><\/p>","protected":false},"excerpt":{"rendered":"<p>Angaben gem\u00e4\u00df \u00a7 5 Telemediengesetz (TMG) und Verantwortlicher f\u00fcr den Inhalt gem\u00e4\u00df \u00a7 55 Abs. 2 RStV: Dipl. mus. Samuel Klemke Amalienstr. 15 99423 Weimar Deutschland Kontakt: Tel.: +49 (0)173 \/ 3849457 E-Mail: samuel@klemke.de Umsatzsteuer-Identifikationsnummer: Umsatzsteuerbefreiung gem\u00e4\u00df \u00a7 19 UStG Ausschlu\u00df der Haftung: 1. Haftung f\u00fcr Inhalte S\u00e4mtliche Inhalte unserer Internetseiten sind mit gr\u00f6\u00dftm\u00f6glicher Sorgfalt [&hellip;]<\/p>\n","protected":false},"author":1,"featured_media":0,"parent":0,"menu_order":0,"comment_status":"closed","ping_status":"closed","template":"","meta":{"jetpack_post_was_ever_published":false,"footnotes":""},"jetpack_sharing_enabled":true,"jetpack_shortlink":"https:\/\/wp.me\/P75tXj-2T","jetpack-related-posts":[{"id":226,"url":"http:\/\/samuel.klemke.de\/","url_meta":{"origin":179,"position":0},"title":"aktuelle Konzerte und Infos","author":"Samuel","date":"Mai 19, 2021","format":false,"excerpt":"Konzert & Workshop: Kirtanimmersion in Kassauam 06.09.2025 Konzertam 07.09.2025 Workshop Anmeldung f\u00fcr dem Workshop bitte per e-mail an mona.kalyani (at) gmail.com oder Telefon\/Telegramm\/Whatsapp+49 176 76988064 Infos: www.kalyani-art.de Konzert: Saitenwege- von Herzen und Horizontenam 29.08.2025 in Kassau\/Altenkrempe Festivalkonzert in Schlitz: Mind on Fire am 23.08.2025 Kirtankonzert in Wiesbaden\/Mainz Konzert in Kassau\u2026","rel":"","context":"\u00c4hnlicher Beitrag","block_context":{"text":"\u00c4hnlicher Beitrag","link":""},"img":{"alt_text":"","src":"https:\/\/i0.wp.com\/samuel.klemke.de\/wp-content\/uploads\/2025\/08\/Flyer_Kirtan_2025_09_Kassau_montage_Anmeldung-scaled.jpg?resize=350%2C200","width":350,"height":200,"srcset":"https:\/\/i0.wp.com\/samuel.klemke.de\/wp-content\/uploads\/2025\/08\/Flyer_Kirtan_2025_09_Kassau_montage_Anmeldung-scaled.jpg?resize=350%2C200 1x, https:\/\/i0.wp.com\/samuel.klemke.de\/wp-content\/uploads\/2025\/08\/Flyer_Kirtan_2025_09_Kassau_montage_Anmeldung-scaled.jpg?resize=700%2C400 2x, https:\/\/i0.wp.com\/samuel.klemke.de\/wp-content\/uploads\/2025\/08\/Flyer_Kirtan_2025_09_Kassau_montage_Anmeldung-scaled.jpg?resize=1050%2C600 3x, https:\/\/i0.wp.com\/samuel.klemke.de\/wp-content\/uploads\/2025\/08\/Flyer_Kirtan_2025_09_Kassau_montage_Anmeldung-scaled.jpg?resize=1400%2C800 4x"},"classes":[]},{"id":15,"url":"http:\/\/samuel.klemke.de\/?page_id=15","url_meta":{"origin":179,"position":1},"title":"Concert &#8211; Dates","author":"Samuel","date":"Januar 2, 2016","format":false,"excerpt":"2026 18.12.2026 White Christmas Show 06.12.2026 Gotha Th\u00fcringen Philharmonie 28.11.2026 N\u00fcrnberg 27.11.2026 Bayreuth 26.11.2025 Erlangen 25.11.2025 W\u00fcrzburg 24.11.2026 Ingolstadt 23.11.2026 Regensburg 21.11.2026 Bremen 20.11.2026 Hannover 19.11.2026 Paderborn 18.11.2026 Minden 14.11.2026 Erfurt 13.11.2026 Magdeburg 12.11.2026 L\u00fcneburg 15.10.2026 Workshop online 10.10.2026 Hamburg Workshop 09.10.2026 Hamburg Workshop 3.-6.09.2026 Kirtan Mela bei Marburg- 29.08.2026\u2026","rel":"","context":"\u00c4hnlicher Beitrag","block_context":{"text":"\u00c4hnlicher Beitrag","link":""},"img":{"alt_text":"","src":"","width":0,"height":0},"classes":[]}],"jetpack_likes_enabled":true,"_links":{"self":[{"href":"http:\/\/samuel.klemke.de\/index.php?rest_route=\/wp\/v2\/pages\/179"}],"collection":[{"href":"http:\/\/samuel.klemke.de\/index.php?rest_route=\/wp\/v2\/pages"}],"about":[{"href":"http:\/\/samuel.klemke.de\/index.php?rest_route=\/wp\/v2\/types\/page"}],"author":[{"embeddable":true,"href":"http:\/\/samuel.klemke.de\/index.php?rest_route=\/wp\/v2\/users\/1"}],"replies":[{"embeddable":true,"href":"http:\/\/samuel.klemke.de\/index.php?rest_route=%2Fwp%2Fv2%2Fcomments&post=179"}],"version-history":[{"count":1,"href":"http:\/\/samuel.klemke.de\/index.php?rest_route=\/wp\/v2\/pages\/179\/revisions"}],"predecessor-version":[{"id":181,"href":"http:\/\/samuel.klemke.de\/index.php?rest_route=\/wp\/v2\/pages\/179\/revisions\/181"}],"wp:attachment":[{"href":"http:\/\/samuel.klemke.de\/index.php?rest_route=%2Fwp%2Fv2%2Fmedia&parent=179"}],"curies":[{"name":"wp","href":"https:\/\/api.w.org\/{rel}","templated":true}]}}

<p><strong>Angaben gemäß § 5 Telemediengesetz (TMG) und Verantwortlicher für den Inhalt gemäß § 55 Abs. 2 RStV:</strong></p>
<p>Dipl. mus. Samuel Klemke<br />
Amalienstr. 15<br />
99423 Weimar<br />
Deutschland</p>
<p><strong>Kontakt:</strong></p>
<p>Tel.: +49 (0)173 / 3849457<br />
E-Mail: samuel@klemke.de</p>
<p><strong>Umsatzsteuer-Identifikationsnummer:</strong></p>
<p>Umsatzsteuerbefreiung gemäß § 19 UStG</p>
<p><strong>Ausschluß der Haftung:</strong></p>
<div>
<p class="small"><strong>1. Haftung für Inhalte</strong><br />
Sämtliche Inhalte unserer Internetseiten sind mit größtmöglicher Sorgfalt erstellt worden. Dennoch ist es uns nicht möglich, eine Gewähr dafür zu übernehmen, daß diese Inhalte richtig, vollständig und aktuell sind. Wir sind gemäß § 7 Abs. 1 TMG für die eigenen Inhalte auf unseren Internetseiten verantwortlich. Gemäß den §§ 8, 9 und 10 TMG besteht für uns allerdings keine Verpflichtung, daß wir Informationen von Dritten, die übermittelt oder gespeichert wurden, überwachen oder Umstände ausforschen müßten, die Hinweise auf nicht rechtmäßige Tätigkeiten ergeben. Davon nicht berührt, ist unsere Verpflichtung zur Sperrung oder Entfernung von Informationen, welche uns von den allgemeinen Gesetzen auferlegt wird. Wir haften allerdings insoweit erst in dem Moment, in dem wir von einer konkreten Verletzung von Rechten Kenntnis erlangen. Wenn wir von einer solchen Verletzung von Rechten Kenntnis erlangen, wird eine unverzügliche Entfernung der entsprechenden Inhalte erfolgen.</p>
<p class="small"><strong>2. Haftung für Links</strong><br />
Unsere Internetseiten enthalten Links, die zu externen Internetseiten von Dritten führen. Auf die Inhalte dieser externen Seiten haben wir keine Einflußmöglichkeiten. Es ist uns daher nicht möglich, eine Gewähr für diese Inhalte zu übernehmen. Die Verantwortung dafür hat immer der jeweilige Anbieter/Betreiber der entsprechenden Internetseiten. Wir überprüfen die von uns verlinkten Internetseiten zum Zeitpunkt der Verlinkung auf einen möglichen Rechtsverstoß. Die Verlinkung kommt nur dann zustande, wenn ein rechtswidriger Inhalt zu diesem Zeitpunkt nicht erkennbar ist. Es kann uns jedoch, ohne einen konkreten Anhaltspunkt, nicht zugemutet werden, ständig die verlinkten Internetseiten inhaltlich zu kontrollieren. Wenn wir jedoch von einer Rechtsverletzung Kenntnis erlangen, werden wir den entsprechenden Link unverzüglich entfernen.</p>
<p class="small"><strong>3. Urheberrecht</strong><br />
Die auf unseren Internetseiten enthaltenen Werke und Inhalte unterstehen dem Urheberrecht. Ohne schriftliche Genehmigung des jeweiligen Erstellers oder Autors dürfen die Werke bzw. Inhalte nicht vervielfältigt, bearbeitet, verbreitet und verwertet werden. Das Herunterladen und Kopieren unserer Internetseite ist für den privaten Gebrauch erlaubt, nicht jedoch für den kommerziellen. Wir weisen darauf hin, daß hinsichtlich der Inhalte auf unserer Internetseite, soweit sie nicht von uns erstellt worden sind, das Urheberrecht von Dritten beachtet wurde. Inhalte von Dritten erhalten als solche eine Kennzeichnung von uns. Wir wären Ihnen dankbar, wenn Sie uns einen Hinweis erteilen würden, falls Sie trotzdem auf eine Urheberrechtsverletzung gestoßen sind. Wenn wir von einer solchen Urheberrechtsverletzung Kenntnis erlangen, werden wir den entsprechenden Inhalt unverzüglich entfernen.</p>
<p class="small"><strong>4. Datenschutz</strong><br />
Unsere Internetseite kann regelmäßig ohne die Angabe von personenbezogenen Daten genutzt werden. Falls solche Daten (z.B. Name, Adresse oder E-Mail) doch erhoben werden sollten, geschieht das, weitestgehend möglich, freiwillig. Eine Weitergabe dieser Daten darf nur dann erfolgen, wenn Sie ausdrücklich zustimmen. Die übertragung von Daten im Internet kann Sicherheitslücken beinhalten. Es ist daher möglich, daß Dritte Zugriff auf diese Daten erlangen. Ein lückenloser Schutz ist nicht möglich. Wir widersprechen an dieser Stelle der Nutzung unserer Kontaktdaten, die wir im Impressum veröffentlicht haben, durch Dritte, die uns damit nicht verlangte Werbung/Informationsmaterial/Spam-Mails zukommen lassen oder zukommen lassen wollen. Sollte dies doch geschehen, behalten wir uns rechtliche Schritte dagegen vor.</p>
</div>
<p class="small">Muster-Impressum von der Flegl Rechtsanwälte GmbH</p>
<p></p>

<p>Angaben gemäß § 5 Telemediengesetz (TMG) und Verantwortlicher für den Inhalt gemäß § 55 Abs. 2 RStV: Dipl. mus. Samuel Klemke Amalienstr. 15 99423 Weimar Deutschland Kontakt: Tel.: +49 (0)173 / 3849457 E-Mail: samuel@klemke.de Umsatzsteuer-Identifikationsnummer: Umsatzsteuerbefreiung gemäß § 19 UStG Ausschluß der Haftung: 1. Haftung für Inhalte Sämtliche Inhalte unserer Internetseiten sind mit größtmöglicher Sorgfalt [&hellip;]</p>

Konzert & Workshop: Kirtanimmersion in Kassauam 06.09.2025 Konzertam 07.09.2025 Workshop Anmeldung für dem Workshop bitte per e-mail an mona.kalyani (at) gmail.com oder Telefon/Telegramm/Whatsapp+49 176 76988064 Infos: www.kalyani-art.de Konzert: Saitenwege- von Herzen und Horizontenam 29.08.2025 in Kassau/Altenkrempe Festivalkonzert in Schlitz: Mind on Fire am 23.08.2025 Kirtankonzert in Wiesbaden/Mainz Konzert in Kassau…

Ähnlicher Beitrag

2026 18.12.2026 White Christmas Show 06.12.2026 Gotha Thüringen Philharmonie 28.11.2026 Nürnberg 27.11.2026 Bayreuth 26.11.2025 Erlangen 25.11.2025 Würzburg 24.11.2026 Ingolstadt 23.11.2026 Regensburg 21.11.2026 Bremen 20.11.2026 Hannover 19.11.2026 Paderborn 18.11.2026 Minden 14.11.2026 Erfurt 13.11.2026 Magdeburg 12.11.2026 Lüneburg 15.10.2026 Workshop online 10.10.2026 Hamburg Workshop 09.10.2026 Hamburg Workshop 3.-6.09.2026 Kirtan Mela bei Marburg- 29.08.2026…
