{"id":2,"date":"2015-12-09T03:33:20","date_gmt":"2015-12-09T03:33:20","guid":{"rendered":"http:\/\/wp44m.a10-52-158-154.qa.plesk.ru\/wordpress\/?page_id=2"},"modified":"2016-01-03T10:22:07","modified_gmt":"2016-01-03T10:22:07","slug":"sample-page","status":"publish","type":"page","link":"http:\/\/samuel.klemke.de\/?page_id=2","title":{"rendered":"Info"},"content":{"rendered":"<div>\n<p style=\"text-align: center;\">Experience peerlessly expressive and soulful guitar music in technical perfection and brilliant clarity. The young musician could enthuse the audience and critics with his detailed playing in countless concerts.<\/p>\n<p style=\"text-align: center;\">Samuel arranges the programmes for his concerts from his very comprehensie repertoire, that comprises master pieces from the time of the Renaissance to the 21st century, as well as unheard musical pearls and &#8222;Easy Listening Music&#8220; (like Latin-American and Spanish music).<\/p>\n<p style=\"text-align: center;\">Next to his soloistic appearances Samuel also performs with his sister Laura as the <a href=\"http:\/\/www.klemke.de\" target=\"_blank\">Guitar Duo Klemke<\/a>. Furthermore he plays with the vanguard Ensemble Marges as well as the soprano Natasha Lopez.<\/p>\n<p style=\"text-align: center;\">So far his musical commitment led to the production of 4 CDs and a live-DVD of one of the duo concerts. TV- &amp; Radioappearances form part of his career as well, e.g. 2009 with the Deutschland Radio Kultur.<\/p>\n<p style=\"text-align: center;\">Since beginning his studies at the German University of Music Franz Liszt Weimar his appearances brought Samuel not only into many European countries, but also to North-, Middle- &amp; South-Americ, into the Near East, to Japan, Australia and India.<\/p>\n<p style=\"text-align: center;\">He also works for film and experimental projects producing sounds and music not only on his guitar, but by very different means.<\/p>\n<\/div>\n<div>\n<p style=\"text-align: center;\">Samuel plays guitars by Dietrich, Alma guitars, Roemmich, uses capos by G7th and wears suits Cleofe Finati by Archetipo<\/p>\n<\/div>\n<p><\/p>","protected":false},"excerpt":{"rendered":"<p>Experience peerlessly expressive and soulful guitar music in technical perfection and brilliant clarity. The young musician could enthuse the audience and critics with his detailed playing in countless concerts. Samuel arranges the programmes for his concerts from his very comprehensie repertoire, that comprises master pieces from the time of the Renaissance to the 21st century, [&hellip;]<\/p>\n","protected":false},"author":1,"featured_media":0,"parent":0,"menu_order":0,"comment_status":"closed","ping_status":"open","template":"","meta":{"jetpack_post_was_ever_published":false,"footnotes":""},"jetpack_sharing_enabled":true,"jetpack_shortlink":"https:\/\/wp.me\/P75tXj-2","jetpack-related-posts":[{"id":40,"url":"http:\/\/samuel.klemke.de\/?page_id=40","url_meta":{"origin":2,"position":0},"title":"Curriculum Vitae","author":"Samuel","date":"Januar 2, 2016","format":false,"excerpt":"Samuel T. Klemke was born in 1978 into a family with musical roots back to his great-grandfather, who already performed music. His grandmother and great-aunt were professional musicians, as are his uncle and his father. Thus he got his first guitar lessons from his father Tobias at the age of\u2026","rel":"","context":"\u00c4hnlicher Beitrag","block_context":{"text":"\u00c4hnlicher Beitrag","link":""},"img":{"alt_text":"","src":"","width":0,"height":0},"classes":[]},{"id":15,"url":"http:\/\/samuel.klemke.de\/?page_id=15","url_meta":{"origin":2,"position":1},"title":"Concert &#8211; Dates","author":"Samuel","date":"Januar 2, 2016","format":false,"excerpt":"2026 18.12.2026 White Christmas Show 06.12.2026 Gotha Th\u00fcringen Philharmonie 28.11.2026 N\u00fcrnberg 27.11.2026 Bayreuth 26.11.2025 Erlangen 25.11.2025 W\u00fcrzburg 24.11.2026 Ingolstadt 23.11.2026 Regensburg 21.11.2026 Bremen 20.11.2026 Hannover 19.11.2026 Paderborn 18.11.2026 Minden 14.11.2026 Erfurt 13.11.2026 Magdeburg 12.11.2026 L\u00fcneburg 15.10.2026 Workshop online 10.10.2026 Hamburg Workshop 09.10.2026 Hamburg Workshop 3.-6.09.2026 Kirtan Mela bei Marburg- 29.08.2026\u2026","rel":"","context":"\u00c4hnlicher Beitrag","block_context":{"text":"\u00c4hnlicher Beitrag","link":""},"img":{"alt_text":"","src":"","width":0,"height":0},"classes":[]},{"id":48,"url":"http:\/\/samuel.klemke.de\/?page_id=48","url_meta":{"origin":2,"position":2},"title":"Repertoire","author":"Samuel","date":"Januar 2, 2016","format":false,"excerpt":"Repertoire Huge repertoire from Renaissance to 21st century works by - J. S. Bach - J. Dowland - L. Milan - F. Sor - M. Giuliani - G. Regondi - F. Tarrega - I. Albeniz - D. Scarlatti - A. Jose - A. Barrios Mangore - H. Villa-Lobos - J.K.\u2026","rel":"","context":"\u00c4hnlicher Beitrag","block_context":{"text":"\u00c4hnlicher Beitrag","link":""},"img":{"alt_text":"","src":"","width":0,"height":0},"classes":[]},{"id":131,"url":"http:\/\/samuel.klemke.de\/?page_id=131","url_meta":{"origin":2,"position":3},"title":"Lessons and Masterclasses","author":"Samuel","date":"Februar 19, 2016","format":false,"excerpt":"Dear guitarists and musicians I am happy to offer you private lessons from now on at your or mine place, if I am near you, or via skype \/ video \/ e-mail. I will fully cater to your needs, if you want to discuss a piece, technical issues or musical\u2026","rel":"","context":"\u00c4hnlicher Beitrag","block_context":{"text":"\u00c4hnlicher Beitrag","link":""},"img":{"alt_text":"","src":"","width":0,"height":0},"classes":[]},{"id":65,"url":"http:\/\/samuel.klemke.de\/?page_id=65","url_meta":{"origin":2,"position":4},"title":"Ensembles","author":"Samuel","date":"Januar 3, 2016","format":false,"excerpt":"Samuel does not only work as a soloist, but is also very active as a chamber musician. Next to these ensembles, Samuel also works on repertoire in different chambermusic combinations, for example violin, accordion, string quartet, piano etc. If you have a special wish, it could be fulfilled... \u00a0","rel":"","context":"\u00c4hnlicher Beitrag","block_context":{"text":"\u00c4hnlicher Beitrag","link":""},"img":{"alt_text":"","src":"","width":0,"height":0},"classes":[]},{"id":226,"url":"http:\/\/samuel.klemke.de\/","url_meta":{"origin":2,"position":5},"title":"aktuelle Konzerte und Infos","author":"Samuel","date":"Mai 19, 2021","format":false,"excerpt":"Konzert & Workshop: Kirtanimmersion in Kassauam 06.09.2025 Konzertam 07.09.2025 Workshop Anmeldung f\u00fcr dem Workshop bitte per e-mail an mona.kalyani (at) gmail.com oder Telefon\/Telegramm\/Whatsapp+49 176 76988064 Infos: www.kalyani-art.de Konzert: Saitenwege- von Herzen und Horizontenam 29.08.2025 in Kassau\/Altenkrempe Festivalkonzert in Schlitz: Mind on Fire am 23.08.2025 Kirtankonzert in Wiesbaden\/Mainz Konzert in Kassau\u2026","rel":"","context":"\u00c4hnlicher Beitrag","block_context":{"text":"\u00c4hnlicher Beitrag","link":""},"img":{"alt_text":"","src":"https:\/\/i0.wp.com\/samuel.klemke.de\/wp-content\/uploads\/2025\/08\/Flyer_Kirtan_2025_09_Kassau_montage_Anmeldung-scaled.jpg?resize=350%2C200","width":350,"height":200,"srcset":"https:\/\/i0.wp.com\/samuel.klemke.de\/wp-content\/uploads\/2025\/08\/Flyer_Kirtan_2025_09_Kassau_montage_Anmeldung-scaled.jpg?resize=350%2C200 1x, https:\/\/i0.wp.com\/samuel.klemke.de\/wp-content\/uploads\/2025\/08\/Flyer_Kirtan_2025_09_Kassau_montage_Anmeldung-scaled.jpg?resize=700%2C400 2x, https:\/\/i0.wp.com\/samuel.klemke.de\/wp-content\/uploads\/2025\/08\/Flyer_Kirtan_2025_09_Kassau_montage_Anmeldung-scaled.jpg?resize=1050%2C600 3x, https:\/\/i0.wp.com\/samuel.klemke.de\/wp-content\/uploads\/2025\/08\/Flyer_Kirtan_2025_09_Kassau_montage_Anmeldung-scaled.jpg?resize=1400%2C800 4x"},"classes":[]}],"jetpack_likes_enabled":true,"_links":{"self":[{"href":"http:\/\/samuel.klemke.de\/index.php?rest_route=\/wp\/v2\/pages\/2"}],"collection":[{"href":"http:\/\/samuel.klemke.de\/index.php?rest_route=\/wp\/v2\/pages"}],"about":[{"href":"http:\/\/samuel.klemke.de\/index.php?rest_route=\/wp\/v2\/types\/page"}],"author":[{"embeddable":true,"href":"http:\/\/samuel.klemke.de\/index.php?rest_route=\/wp\/v2\/users\/1"}],"replies":[{"embeddable":true,"href":"http:\/\/samuel.klemke.de\/index.php?rest_route=%2Fwp%2Fv2%2Fcomments&post=2"}],"version-history":[{"count":9,"href":"http:\/\/samuel.klemke.de\/index.php?rest_route=\/wp\/v2\/pages\/2\/revisions"}],"predecessor-version":[{"id":46,"href":"http:\/\/samuel.klemke.de\/index.php?rest_route=\/wp\/v2\/pages\/2\/revisions\/46"}],"wp:attachment":[{"href":"http:\/\/samuel.klemke.de\/index.php?rest_route=%2Fwp%2Fv2%2Fmedia&parent=2"}],"curies":[{"name":"wp","href":"https:\/\/api.w.org\/{rel}","templated":true}]}}

Ähnlicher Beitrag

2026 18.12.2026 White Christmas Show 06.12.2026 Gotha Thüringen Philharmonie 28.11.2026 Nürnberg 27.11.2026 Bayreuth 26.11.2025 Erlangen 25.11.2025 Würzburg 24.11.2026 Ingolstadt 23.11.2026 Regensburg 21.11.2026 Bremen 20.11.2026 Hannover 19.11.2026 Paderborn 18.11.2026 Minden 14.11.2026 Erfurt 13.11.2026 Magdeburg 12.11.2026 Lüneburg 15.10.2026 Workshop online 10.10.2026 Hamburg Workshop 09.10.2026 Hamburg Workshop 3.-6.09.2026 Kirtan Mela bei Marburg- 29.08.2026…

Konzert & Workshop: Kirtanimmersion in Kassauam 06.09.2025 Konzertam 07.09.2025 Workshop Anmeldung für dem Workshop bitte per e-mail an mona.kalyani (at) gmail.com oder Telefon/Telegramm/Whatsapp+49 176 76988064 Infos: www.kalyani-art.de Konzert: Saitenwege- von Herzen und Horizontenam 29.08.2025 in Kassau/Altenkrempe Festivalkonzert in Schlitz: Mind on Fire am 23.08.2025 Kirtankonzert in Wiesbaden/Mainz Konzert in Kassau…
